 prime?
True
Is 779950201 a composite number?
False
Is 2661703321 a composite number?
False
Is 6042870161 prime?
True
Is 2863455071 a prime number?
True
Is 7588360037 prime?
True
Is 3304270435 composite?
True
Is 329231789 a composite number?
True
Is 39662835679 composite?
False
Is 4565636363 a composite number?
False
Is 44790930593 composite?
True
Is 8214525257 prime?
True
Is 825516202259 composite?
True
Is 45893188927 composite?
False
Is 3646461341 a composite number?
False
Is 1179384067 composite?
True
Is 5677570513 composite?
False
Is 14689151 a composite number?
False
Is 41531373823 a composite number?
False
Is 52147029911 prime?
False
Is 138412703837 composite?
False
Is 3209819911 composite?
False
Is 2257068803 a prime number?
False
Is 363316463 a prime number?
True
Is 774780761 a composite number?
True
Is 5875668973 composite?
True
Is 85023385481 composite?
False
Is 149581167677 a composite number?
False
Is 337568597 a prime number?
True
Is 1579344586 a composite number?
True
Is 137656496119 a prime number?
False
Is 9161163487 prime?
False
Is 17696963 a prime number?
False
Is 564913483 prime?
False
Is 64448483713 prime?
False
Is 1336476683 prime?
True
Is 48455629549 composite?
True
Is 4000388593 a prime number?
False
Is 3209465849 a prime number?
True
Is 50603663861 a prime number?
True
Is 2196448591 a composite number?
True
Is 18535533799 prime?
True
Is 6653751781 prime?
True
Is 6967272541 composite?
False
Is 376257731 a composite number?
False
Is 18166387069 a prime number?
True
Is 4811278937 composite?
False
Is 3228644833 a composite number?
False
Is 15761972783 composite?
True
Is 93468156053 a composite number?
True
Is 2824614046 prime?
False
Is 3347389966 prime?
False
Is 37251610233 prime?
False
Is 1859079099 composite?
True
Is 598492682 a prime number?
False
Is 5596711319 prime?
True
Is 2300411563 prime?
False
Is 1382727127 composite?
True
Is 3265274747 a prime number?
False
Is 13968049129 a prime number?
False
Is 24877242029 a composite number?
True
Is 3066557297 prime?
False
Is 564625487 a prime number?
True
Is 37445687387 a prime number?
True
Is 683044693 prime?
True
Is 7483843 a prime number?
True
Is 113020979 a composite number?
True
Is 4893866137 composite?
False
Is 5124012301 a prime number?
True
Is 155081351 prime?
False
Is 4621536449 prime?
True
Is 84656354209 composite?
True
Is 21490038221 a prime number?
True
Is 477826799 a composite number?
False
Is 7066141571 a prime number?
True
Is 276743633 a prime number?
True
Is 26698777691 composite?
True
Is 532850369 prime?
True
Is 45752739731 composite?
True
Is 18330283187 composite?
False
Is 6969437491 prime?
True
Is 10388295779 prime?
False
Is 3211599341 a prime number?
False
Is 2351570387 composite?
False
Is 2502542537 composite?
True
Is 707629297 composite?
False
Is 51351485899 prime?
False
Is 623402779 composite?
False
Is 214075772681 a composite number?
False
Is 3834810533 composite?
False
Is 398460389 prime?
False
Is 84563946851 a prime number?
False
Is 8939827607 composite?
True
Is 20045376229 a prime number?
False
Is 261013057 prime?
True
Is 5219179193 prime?
False
Is 1344054947 a prime number?
False
Is 3028666987 composite?
True
Is 37699349 composite?
False
Is 901074731 a prime number?
True
Is 1818482261 prime?
False
Is 76344333991 a composite number?
False
Is 26855622733 a prime number?
False
Is 280879459 prime?
False
Is 7623541831 a prime number?
True
Is 1033617059 prime?
False
Is 270883630481 a prime number?
True
Is 30744229729 a prime number?
False
Is 1372416161 a prime number?
False
Is 1760807291 a prime number?
False
Is 33284035 composite?
True
Is 7154051263 a prime number?
True
Is 11294721311 a composite number?
True
Is 1347721169 a composite number?
False
Is 4820151359 a prime number?
True
Is 1011121777 prime?
True
Is 4071350903 a prime number?
True
Is 470227883 a composite number?
False
Is 263119891 composite?
False
Is 9317621513 composite?
False
Is 5075926333 a composite number?
False
Is 14687335223 a composite number?
True
Is 24282566213 prime?
True
Is 1575328637 composite?
False
Is 65216017 a prime number?
False
Is 17569891997 a prime number?
False
Is 59136991751 prime?
True
Is 7921871117 composite?
True
Is 3944563829 a composite number?
True
Is 1266225030997 composite?
False
Is 2195772187 prime?
False
Is 9052030399 prime?
False
Is 728214989 a composite number?
False
Is 1860763915 a composite number?
True
Is 281773669 prime?
False
Is 19524542119 a composite number?
False
Is 10843897 a prime number?
True
Is 18931985 prime?
False
Is 21647794435 prime?
False
Is 6939567385 a composite number?
True
Is 110966135057 a composite number?
True
Is 615879109 a prime number?
False
Is 15526074833 prime?
True
Is 52114958461 composite?
True
Is 25560898267 prime?
False
Is 68224579 a composite number?
False
Is 4545308749 a composite number?
True
Is 1502567123 a composite number?
True
Is 31280282263 prime?
True
Is 959464471 a composite number?
True
Is 3583616899 a prime number?
True
Is 15681618993 a prime number?
False
Is 524035909 a composite number?
True
Is 1093111241 a composite number?
False
Is 661174301 a prime number?
True
Is 14924405393 a prime number?
False
Is 19830278537 prime?
False
Is 52990359001 a composite number?
True
Is 47737092265 a composite number?
True
Is 907714309 a prime number?
True
Is 124108785793 a composite number?
True
Is 1251601783 composite?
False
Is 645665507 a composite number?
False
Is 10939748033 a prime number?
False
Is 27014815369 a composite number?
False
Is 271017583 composite?
True
Is 26697212519 a prime number?
True
Is 406094945 a prime number?
False
Is 45710642177 composite?
False
Is 6895835143 composite?
False
Is 33818752157 prime?
True
Is 1298839543 a prime number?
True
Is 37623913 composite?
False
Is 196886351 composite?
False
Is 11090402997 composite?
True
Is 79787311567 a prime number?
False
Is 151586472607 composite?
False
Is 52392337093 prime?
True
Is 8628665119 prime?
False
Is 4324960169 a composite number?
True
Is 1351805129 prime?
False
Is 49726796131 prime?
False
Is 201239923 prime?
False
Is 9184262749 a composite number?
False
Is 281189243 prime?
True
Is 938532659 a composite number?
False
Is 4573048939 composite?
True
Is 40220533141 composite?
True
Is 717218899 prime?
False
Is 3817018591 composite?
True
Is 173651473 composite?
True
Is 108852371 composite?
False
Is 1412410069 composite?
True
Is 9938261681 a prime number?
True
Is 8458684259 a prime number?
True
Is 13633455079 prime?
False
Is 769966237 a composite number?
False
Is 4127568827 prime?
False
Is 14963132141 a composite number?
False
Is 11927123231 a prime number?
True
Is 3158138917 prime?
True
Is 4026917911 prime?
True
Is 1789737403 prime?
True
Is 647322349 composite?
True
Is 8972924651 prime?
False
Is 64477371061 prime?
False
Is 35098960693 composite?
True
Is 317684720099 a composite number?
True
Is 1896166529 prime?
False
Is 2074257457 composite?
False
Is 750304339 composite?
False
Is 7063764382 a prime number?
False
Is 2134683337 composite?
True
Is 9205119379 a composite number?
False
Is 40368263093 a composite number?
False
Is 3231662349 composite?
True
Is 1522953943 prime?
False
Is 13342316903 prime?
True
Is 30831463 a prime number?
False
Is 19216583003 prime?
False
Is 1074844697 a composite number?
False
Is 54131283649 a composite number?
False
Is 780216341 composite?
True
Is 86618303 a composite number?
False
Is 589610941 a composite number?
True
Is 699820411 composite?
True
Is 680181263 prime?
True
Is 916303477 prime?
True
Is 161203019 a composite number?
False
Is 28428114971 prime?
True
Is 99839401069 a prime number?
False
Is 8344899779 a prime number?
True
Is 59371176853 a composite number?
False
Is 229678091 prime?
False
Is 169936042819 a prime number?
False
Is 877633453 composite?
False
Is 19465741577 composite?
True
Is 5322925849 prime?
True
Is 16199117381 composite?
False
Is 287657437 a prime number?
False
Is 139163671 a prime number?
True
Is 758042297 a prime number?
False
Is 2566252331 a prime number?
True
Is 29856330169 a prime number?
True
Is 49512295685 a composite number?
True
Is 27138126893 prime?
False
Is 490605751 a composite number?
False
Is 418627687 a composite number?
True
Is 10101063029 a prime number?
False
Is 1580410441 composite?
